2 + -55 + (-11 - -30).
-14
Calculate 30 + 1 + -3 + 3687 + -3664.
51
What is (-63 - -2) + 0 + (0 + 4 - (25 - 29))?
-53
Evaluate (-70 - (-44 + 10)) + 39.
3
-35 + -4 + (90 + -39 - 23) + (-12 - 1)
-24
Evaluate -132 - ((-12 - -3) + 1 - (-48 - -35 - 1)).
-138
165 + -172 + -1 + 17 + 22 + (-3 - -3)
31
Evaluate -27 + (-31 - -58) - (-12 - 69).
81
What is -2 + 12 - 3 - (-2200 - -2267)?
-60
What is the value of 34 - (4 + -2 + 0 + -4 + 8 + 2)?
26
Calculate -32 + (16 + 3 - 10) - 31.
-54
Calculate (-6 - -5) + -2 + 7 + (20 - 22).
2
What is the value of (3 - 3) + (1 - -28) + (-708 - -783)?
104
Evaluate 23 - -93 - (4 - (14 - 10 - -9) - -17).
108
Evaluate 843 + -884 + 2 + 16.
-23
54 + 2 + -6031 + 5859
-116
Evaluate 18 + 2 + (143 + -68 - 78).
17
Calculate 446 - 523 - (-12 - 16).
-49
(125 - 80 - 215) + 35
-135
Evaluate -34 - -6 - -67 - 23.
16
Calculate 40 - (13 + 83 + -17).
-39
What is the value of (3 + 7 - 8) + -84 + 3 - (-109 - -110)?
-80
Evaluate (-11 - (3 - (23 + -10))) + -138 + 191.
52
What is the value of (-22 - 6) + 2 + 105 + 33?
112
Evaluate 13 + -6 - 71 - (-19 - (-26 - (-15 - -2))).
-58
Calculate ((6 - 7) + (9 - 30) - -8) + -10.
-24
Calculate 154 + (140 - 422) + 102.
-26
What is the value of -10 + 25 + 39 + -153 + 22?
-77
Calculate 4136 + -4136 - (-5 + (-32 - -5)).
32
Evaluate -2 + (-39 - 9) + 12 + -1 + 11.
-28
Calculate (45 - 0) + (28 - (-160 + 145 - (0 - 32))).
56
What is -31 + ((11 - 17) + -3 - -17) + 145?
122
What is the value of -51 - (7 + -1 + (18 + -2 - 8 - 9))?
-56
What is the value of 31 - -38 - 57 - (6 + -21)?
27
Evaluate (-1 - (-87 + -1)) + 21 + (-38 - -43) + -31.
82
Calculate -5 + (16 - 11) + (0 + 14 - 16) + 55.
53
Calculate -4393 + 4384 - (2 + -4 + 4 + 5 - 2).
-14
Calculate 7 + 7 - (-6 + 3 + (-28 - -45)).
0
Evaluate 290 + -323 - (4 + -92).
55
7 + (-41 - -63 - 46)
-17
Calculate -17 - (-110 - (-16 + 4 + (-66 - -61))).
76
What is the value of -18 - (9 + 37 + -69)?
5
Calculate (-73 + -12 + 30 - -13) + 2.
-40
What is (8 + -17 - (80 + -1 - (389 - 379))) + 10?
-68
Evaluate 48 + 1 + (2562 - 2623) - (-86 - 0).
74
What is -46 - (-34 - 1) - -41 - -20?
50
Evaluate -3 + 0 - (-14 + (10 - -1) + -12 + -41).
53
Evaluate -15 + 86 + 19 - (-17 + 2 - 7).
112
Calculate -14 + (4 - (-15 + 10) - 18).
-23
What is (-15 - (7 + -7) - 8) + 7 + -28 + 18?
-26
Evaluate -45 - (68 + -160 + -42).
89
What is the value of (5 - ((-2 + 3 - (1 - 7)) + -11)) + 14?
23
Evaluate 52 + 18 + -86 - (2 - (-1 + -1 + 1)).
-19
What is -67 - (16 + 4 - 44)?
-43
What is the value of 11092 - 10885 - (107 + 0)?
100
-14 + -3 + 107 + 0 + (27 + -24 - 4)
89
Evaluate 4 + (-5 + 44 - -4) + (-458 - -473).
62
-1594 + 1618 + (-3 + 2 - 22)
1
Calculate -4 - (2 + -2) - ((49 - 23) + -39).
9
Calculate -1 + 0 - -5 - (67 + (-37 - 3) - 37).
14
What is the value of -41 + 5 + 4 + -3 + -7 + 3?
-39
Evaluate 2 - (49 + -65) - 41.
-23
What is the value of -8 + 96 - (1364 - 1145)?
-131
What is -16 + (-3 - (13 + -22 + 1)) + -12?
-23
What is the value of -7 + (-124 + 35 + 42 - -25)?
-29
What is the value of (49 - (-38 + 107)) + 5?
-15
(-15 - (6 - -1 - (90 + -81))) + -9
-22
Evaluate 1 - -38 - (2027 - 1936).
-52
-3 + (24 - (2 + 4 + -13 + 0 - -5))
23
-2 - (14 - -163 - 86)
-93
Evaluate 40 + 29 - 36 - (-1 - 14 - -7).
41
What is the value of (47 - 55) + -8 + -7 + 0?
-23
What is -111 + 149 + 22 + -60?
0
What is 2131 + -2127 - ((-3 + 111 - 3) + 3)?
-104
Evaluate 314 + -335 + 4 + -15.
-32
Evaluate 16 + (-21 - (24 + -14)) + 31.
16
What is the value of -675 - -640 - (-3 - 38)?
6
Evaluate 14 - (63 + (-42 - 75) + (0 - -8)).
60
What is -6 + (-2 + -6 - -1 - (53 - 65)) + -10?
-11
Evaluate (61 - 1) + (-2 - -5) + -33 + 19.
49
Evaluate 160 + -89 - 158 - -56.
-31
What is -44 - (-1 + (1 - (37 + -26)))?
-33
Evaluate 0 + -36 - (-5 - (59 - 72)).
-44
Evaluate 70 + 5 + (-10 - (0 - 10)) + -18.
57
What is the value of (-109 - (112 + -215)) + -1 + 1 + 45?
39
Calculate -2 - 16 - (74 - 62 - 37).
7
What is the value of 1 + (-14 - (-5 + -8 - (4 - 9) - -2))?
-7
Evaluate -4 - -38 - (-53 + 12 - -27).
48
-24 + 1 + (31 - 4) + 33
37
What is -180 - -209 - (2 + 6 - (2 - 6))?
17
-106 + (63 - -64) + -113
-92
71 + -10 + 4 + -7 + 18 + (-27 - 3)
46
Calculate (1 - (8 + 0 + -1)) + (41586 - 41598).
-18
-33 + 12 + (60 - 67)
-28
-4 + 24 + -13 + 9 + -17 - -42
41
What is the value of -51 + (-13 + 14 - -75)?
25
59 + (-4 - -2) - (-267 - (-153 + -129))
42
1 - (-8 + 25 + 12 - 2)
-26
Evaluate -10 + -91 + 65 - -45.
9
Calculate 47 - 0 - (15298 + -15153).
-98
Evaluate -8 + (-15 - (10 + -17 + 3)) + 5.
-14
Calculate -105 + -8 - (16 + -82).
-47
What is 15 + 2 - 23 - ((-16 - -4) + -52)?
58
What is the value of -73 - ((-39 - 56) + 51)?
-29
What is 37 + (-75 - -24) - (-4 + 0 - 52)?
42
Evaluate (103 - 24) + -31 + -57 - ((0 - -7) + 1).
-17
Evaluate 44 + -43 + -32 + 37.
6
Evaluate (-1 - (104 + -2)) + (-107 - (-54 - 56)).
-100
What is the value of 11 + ((-19 - -22) + 15 - 17)?
12
Evaluate (7 - 8 - 29) + (9 - (2 - -9)).
-32
Evaluate -5 + 7 + -6 + (176 + -15 - 17).
140
-60 + 97 - 70 - -43
10
What is (37 - 71) + 97 - (10 + 7)?
46
What is the value of -12 - (67 - (9 - -69) - (0 - 67))?
-68
-13 + 16 - -13 - 57
-41
What is the value of 8 + 2 + -5 + -93 - (120 - 131)?
-77
What is (-4 + 6 - -3) + (-2 - -1) - -3?
7
What is (61 - 33 - -6) + 16?
50
Evaluate 1570 + -1526 - (2 + 6 + (2 - -1)).
33
-2 - 25 - (8 - (6 + -1 - 11) - 23)
-18
105 + (150 - 102) + -105
48
What is 73 - (-22 - -73) - (2 + -6)?
26
What is -203 + 112 + 75 + 76?
60
Calculate -9 + 0 - (2 + -58 + (-2529 - -2699)).
-123
What is (-570 - -613) + -64 + (85 - 1) + 0?
63
Evaluate 28 + 1 + 2 + 43 + -44.
30
(13 + -5 - -3) + -74 + 53 + 84
74
What is the value of -174 + 103 - (-24 + 1) - 6?
-54
Calculate 6 - (0 + 3 + 0 - 0 - (40 + -65)).
-22
What is 54 + 2 + (-113 - (36 + -116))?
23
Evaluate ((3 - 4) + -1 - -57) + (-6 - (-3 + 7)).
45
What is 2 - 29 - ((-30 - -26 - -28) + -19)?
-32
What is (26 - (0 + -4)) + (22 - (33 + -11 + -3))?
33
Calculate 36 + (-9 + 0 - 19) + -19.
-11
-2 + -2 + (6 - 13) + (23 - (-21 + 6))
27
What is (-11 - (9 + (-6 - -3) - 11 - -2)) + -92?
-100
What is the value of 164 + -1 + -1 + 743 + -788?
117
What is 8 - (-17 - (31 + -28))?
28
What is 4 + (-253 - -244) + -61 + -1 - 13?
-80
What is 6 - (-37 + 1 + (47 - 51) - -2)?
44
57 + (-32 + 4 - 10)
19
(-16 - ((5 - 7) + 20 + -24)) + (-28 - -2)
-36
Evaluate -26 + 84 + -51 + -61.
-54
Evaluate 32 - (-7 - -3) - (53 + -48).
31
0 + 34 + -4 + -12 + (-18 - (-4 + -21))
25
Evaluate (-103 + 98 - 3) + -7.
-15
What is -414 - -364 - (61 - 0)?
-111
Evaluate 5 + -1 + (35 - (-15 + 30)) - 46.
-22
Calculate 2 + (2 - 7) + -3 + 14 + -2.
6
Calculate (0 - -3) + (5 - 2) - -35.
41
What is (4 + -18 + -1 - (-253 + 222)) + 74?
90
Evaluate 71 - (4 - ((26 - 20) + 4 + 1 - 4)).
74
What is (-18 + 26 - -5) + 3 + 17?
33
-11 - (26 + -12 + 10) - -5 - (4 + 0)
-34
What is 33 + 4 + 36 + -11?
62
Evaluate 48 + -38 + -74 + 16.
-48
(-25 - (-54 - (-89 - -53))) + (1 - 0) + 0
-6
What is the value of 144 - (6 + 2 + (-3 - -8 - 24 - -7))?
148
-24 + (4 - 37 - (-216 - -214))
-55
Calculate 147 + -163 + 6 + -5 + 56.
41
(-594 - -660) + 12 + -19
59
Evaluate (187 - 217 - (-16 + -1)) + 56.
43
What is -45 + (11 + 4 - 68) - 23?
-121
What is (1939 - 1898) + (0 - 1) + -40?
0
What is (21 - 37) + -14 + 5?
-25
What is the value of 547 + -571 - (39 + 6 + -12)?
-57
Calculate -29 - ((6 - 8) + (6 - (0 - (-7 - -8)))).
-34
Calculate 98 - (-105 - -488) - -131.
-154
Evaluate (16 - 2 - (-110 + 120)) + 9 + -32.
-19
Calculate 2 - 33 - (-4017 - -4011).
-25
Evaluate -14 + (-147 - -83) + 89.
11
What is the value of (-18 - (-14 - -14)) + -17?
-35
Calculate (112 - 18) + (-10 - (-17 + 21 + -10) - -1).
91
What is the value of (1 + 1 - 2 - -2 - -69) + (32148 - 32157)?
62
Calculate (-15 - -27 - (-5 + 10)) + -50.
-43
Calculate -47 + 23 + 18 + -25 + 52.
21
What is the value of -61 - (-28 + -19) - (0 - -3)?
-17
What is -33 + -10 + (-1 - -49)?
5
Calculate 70 + -11 + 11 + -116 + 85.
39
Evaluate (-24 - (-13 - -3)) + 18 + 14 - -12.
30
Calculate (-35 - 31) + -8 + -11 + (-1 - -10 - -3).
-73
Calculate 11 + -2 - (85 + -44 - 32) - -14.
14
Evaluate 6050 + -5996 - (14 + 1 + (-2 - 1)).
42
Evaluate -5 - ((21 + -102 - -53) + 5 + -1).
19
Evaluate (2 + -2 - 8) + -51 + (21 - 17 - 11).
-66
Calculate 32 + (114 - 343) + 118.
-79
Evaluate -17 - (-84 - -51 - -9).
7
What is the value of -26 + 35 